, 89989
List the prime factors of 548784375.
3, 5, 58537
List the prime factors of 23607982.
2, 23, 191, 2687
List the prime factors of 157723914.
2, 3, 43, 611333
What are the prime factors of 588310005?
3, 5, 39220667
What are the prime factors of 538888324?
2, 13, 29, 357353
List the prime factors of 233219283.
3, 11, 7067251
What are the prime factors of 521906572?
2, 11, 229, 51797
What are the prime factors of 2671177019?
7, 41, 1979, 4703
What are the prime factors of 423953385?
3, 5, 4013, 7043
List the prime factors of 3614738510.
2, 5, 47, 71, 149, 727
List the prime factors of 7832099.
11, 67, 10627
What are the prime factors of 724624838?
2, 7, 7394131
List the prime factors of 1470565579.
7, 210080797
What are the prime factors of 7510357?
7510357
What are the prime factors of 302800715?
5, 7, 31, 73, 3823
What are the prime factors of 106742236?
2, 26685559
List the prime factors of 18461018.
2, 43, 214663
List the prime factors of 524912398.
2, 31, 149, 56821
What are the prime factors of 33115216?
2, 23, 29, 107
What are the prime factors of 70464509?
70464509
What are the prime factors of 980469929?
9001, 108929
What are the prime factors of 7401324?
2, 3, 7, 17, 71, 73
What are the prime factors of 163678928?
2, 7, 1461419
List the prime factors of 11426523.
3, 3808841
List the prime factors of 89567499.
3, 7, 4265119
List the prime factors of 719496247.
109, 1291, 5113
List the prime factors of 3386046439.
2371, 1428109
What are the prime factors of 373948987?
41, 1103, 8269
List the prime factors of 6772994089.
17, 1399, 284783
List the prime factors of 106354754.
2, 11, 17, 199, 1429
What are the prime factors of 960847?
67, 14341
What are the prime factors of 1685123949?
3, 593, 839, 1129
What are the prime factors of 52112175?
3, 5, 694829
List the prime factors of 123741801.
3, 31, 37, 11987
List the prime factors of 118913200.
2, 5, 7, 6067
What are the prime factors of 539621305?
5, 107924261
List the prime factors of 113456868.
2, 3, 7, 1350677
What are the prime factors of 248961866?
2, 124480933
What are the prime factors of 954463136?
2, 11, 1303, 2081
List the prime factors of 138728095.
5, 11, 2522329
What are the prime factors of 105593911?
105593911
What are the prime factors of 248584755?
3, 5, 751, 22067
What are the prime factors of 46188448?
2, 1443389
List the prime factors of 2084539944.
2, 3, 31, 2801801
What are the prime factors of 1980247293?
3, 10477, 21001
What are the prime factors of 2014065571?
7, 937, 43867
List the prime factors of 1256794009.
89, 14121281
What are the prime factors of 286302393?
3, 13, 19, 9907
List the prime factors of 22022630.
2, 5, 7, 197, 1597
What are the prime factors of 2901570299?
109, 193, 137927
What are the prime factors of 114532032?
2, 3, 83, 7187
What are the prime factors of 288409726?
2, 11, 17, 107, 7207
What are the prime factors of 40297735?
5, 17, 127, 3733
List the prime factors of 1396658515.
5, 7, 281, 20287
What are the prime factors of 4128775184?
2, 191, 1351039
List the prime factors of 1471918806.
2, 3, 81773267
List the prime factors of 354343265.
5, 37, 89, 21521
What are the prime factors of 2414092534?
2, 7, 709, 243209
What are the prime factors of 59966684?
2, 17, 389, 2267
List the prime factors of 982030.
2, 5, 7, 14029
What are the prime factors of 5814594187?
19, 306031273
List the prime factors of 152135431.
7, 17, 73, 83, 211
What are the prime factors of 82625118?
2, 3, 29, 474857
List the prime factors of 5789991593.
5789991593
List the prime factors of 19443760.
2, 5, 7, 34721
List the prime factors of 119404227.
3, 19, 2094811
What are the prime factors of 312471068?
2, 7, 13, 37, 23201
List the prime factors of 128034364.
2, 61, 524731
What are the prime factors of 13329957?
3, 43, 103333
List the prime factors of 215234396.
2, 13, 89, 46507
What are the prime factors of 283720485?
3, 5, 29, 239, 2729
What are the prime factors of 83682539?
151, 554189
What are the prime factors of 55894819?
139, 163, 2467
What are the prime factors of 34442222?
2, 269, 64019
What are the prime factors of 323093340?
2, 3, 5, 727, 823
What are the prime factors of 3321577724?
2, 5237, 158563
What are the prime factors of 1164041418?
2, 3, 194006903
What are the prime factors of 11096803?
71, 73, 2141
What are the prime factors of 79542757?
7, 661, 17191
List the prime factors of 337397296.
2, 21087331
List the prime factors of 586441470.
2, 3, 5, 89, 239, 919
List the prime factors of 27126290.
2, 5, 67, 40487
List the prime factors of 216317828.
2, 1619, 33403
List the prime factors of 224731924.
2, 19, 2956999
What are the prime factors of 50283845?
5, 10056769
List the prime factors of 37158429.
3, 7, 11, 31, 5189
List the prime factors of 969407795.
5, 23, 29, 290677
What are the prime factors of 6690053645?
5, 11, 29, 1433, 2927
List the prime factors of 752322174.
2, 3, 53, 541, 4373
List the prime factors of 106903242.
2, 3, 17, 349357
List the prime factors of 33338503.
11, 113, 26821
What are the prime factors of 2334443130?
2, 3, 5, 199, 130343
What are the prime factors of 1046345510?
2, 5, 7, 107, 2851
What are the prime factors of 311616593?
311616593
List the prime factors of 183770428.
2, 45942607
List the prime factors of 566274056.
2, 70784257
What are the prime factors of 555927845?
5, 11, 918889
What are the prime factors of 646150438?
2, 323075219
List the prime factors of 214397620.
2, 5, 10719881
What are the prime factors of 59728849?
43, 137, 10139
What are the prime factors of 1451791?
11, 191, 691
List the prime factors of 91333627.
7, 11, 19, 163, 383
List the prime factors of 43646508.
2, 3, 29, 97, 431
What are the prime factors of 42704472?
2, 3, 29, 61357
List the prime factors of 9840572.
2, 7, 50207
List the prime factors of 807819429.
3, 1033, 260671
List the prime factors of 1051397434.
2, 809, 649813
List the prime factors of 297253356.
2, 3, 24771113
What are the prime factors of 1470210224?
2, 7, 79, 89, 1867
List the prime factors of 228911262.
2, 3, 67, 569431
List the prime factors of 633473148.
2, 3, 7, 11, 19, 36083
List the prime factors of 3367779430.
2, 5, 336777943
List the prime factors of 47515833.
3, 17, 29, 10709
List the prime factors of 8178983507.
8178983507
What are the prime factors of 193710?
2, 3, 5, 11, 587
List the prime factors of 2468673280.
2, 5, 59, 97, 337
What are the prime factors of 22761283?
17, 23, 2531
What are the prime factors of 51307856?
2, 3206741
What are the prime factors of 1146997652?
2, 43, 2269, 2939
What are the prime factors of 143783144?
2, 17, 137, 7717
What are the prime factors of 88348514?
2, 44174257
What are the prime factors of 196293756?
2, 3, 191, 85643
List the prime factors of 94423965.
3, 5, 71, 88661
What are the prime factors of 2196420834?
2, 3, 23, 15916093
List the prime factors of 158554439.
467, 339517
What are the prime factors of 175603414?
2, 7, 359, 34939
What are the prime factors of 102773617?
829, 123973
What are the prime factors of 139519080?
2, 3, 5, 599, 647
What are the prime factors of 29045845?
5, 311, 18679
List the prime factors of 409131529.
113, 179
What are the prime factors of 23696924?
2, 5924231
What are the prime factors of 132950823?
3, 41, 1080901
What are the prime factors of 16460774?
2, 11, 748217
What are the prime factors of 238191493?
238191493
List the prime factors of 990794535.
3, 5, 179, 463, 797
List the prime factors of 1814206512.
2, 3, 23, 73, 22511
What are the prime factors of 355781761?
31, 11476831
What are the prime factors of 731634120?
2, 3, 5, 7, 10753
What are the prime factors of 201143478?
2, 3, 29, 1155997
What are the prime factors of 146973181?
146973181
List the prime factors of 1429335281.
11, 83, 881, 1777
What are the prime factors of 350702706?
2, 3, 58450451
What are the prime factors of 30697996?
2, 7, 19, 3037
List the prime factors of 268806527.
11, 24436957
What are the prime factors of 2020815889?
19, 677, 157103
What are the prime factors of 53409605?
5, 10681921
What are the prime factors of 2466661690?
2, 5, 246666169
What are the prime factors of 68632976?
2, 149, 28789
List the prime factors of 575859584.
2, 4498903
What are the prime factors of 159515436?
2, 3, 37, 277, 12